
What is the tens digit of 1729753845?
4
What is the thousands digit of 549490021?
0
What is the ten thousands digit of 1204008676?
0
What is the thousands digit of 10692738?
2
What is the tens digit of 242298438?
3
What is the units digit of 1221376545?
5
What is the ten thousands digit of 389921455?
2
What is the hundreds digit of 1232323555?
5
What is the units digit of 6682106745?
5
What is the hundreds digit of 31775247?
2
What is the thousands digit of 32073645?
3
What is the hundred thousands digit of 52432039?
4
What is the hundred thousands digit of 12544019?
5
What is the tens digit of 4988141832?
3
What is the hundred thousands digit of 5072581262?
5
What is the tens digit of 310765601?
0
What is the units digit of 436994611?
1
What is the thousands digit of 143442406?
2
What is the hundred thousands digit of 2185770455?
7
What is the tens digit of 2237311276?
7
What is the thousands digit of 63725507?
5
What is the tens digit of 157492986?
8
What is the units digit of 59442338?
8
What is the thousands digit of 53786028?
6
What is the tens digit of 342438293?
9
What is the millions digit of 6555504?
6
What is the ten thousands digit of 2653367577?
6
What is the ten thousands digit of 522510563?
1
What is the hundred thousands digit of 20509265?
5
What is the ten thousands digit of 1094210452?
1
What is the ten millions digit of 2996833311?
9
What is the ten millions digit of 16796079?
1
What is the hundreds digit of 11138802?
8
What is the millions digit of 381906374?
1
What is the tens digit of 2579649808?
0
What is the units digit of 55627999?
9
What is the hundreds digit of 2010390664?
6
What is the hundreds digit of 34688273?
2
What is the millions digit of 455578349?
5
What is the units digit of 1151694738?
8
What is the hundreds digit of 1366805619?
6
What is the tens digit of 87519432?
3
What is the hundreds digit of 1930643?
6
What is the hundred thousands digit of 81259970?
2
What is the ten millions digit of 104619664?
0
What is the hundreds digit of 19936551?
5
What is the tens digit of 1141178467?
6
What is the millions digit of 821010668?
1
What is the hundred thousands digit of 2296135521?
1
What is the units digit of 38575389?
9
What is the tens digit of 34288391?
9
What is the tens digit of 271983576?
7
What is the hundred thousands digit of 331027661?
0
What is the ten thousands digit of 232228038?
2
What is the hundreds digit of 143819995?
9
What is the hundred thousands digit of 589685045?
6
What is the billions digit of 1363421918?
1
What is the millions digit of 3255124?
3
What is the millions digit of 550837736?
0
What is the tens digit of 7890758335?
3
What is the ten thousands digit of 230135685?
3
What is the tens digit of 53040039?
3
What is the ten thousands digit of 273415861?
1
What is the billions digit of 1733965343?
1
What is the hundred millions digit of 462982048?
4
What is the units digit of 2479552124?
4
What is the hundreds digit of 2398510695?
6
What is the hundred thousands digit of 189896774?
8
What is the thousands digit of 57986337?
6
What is the millions digit of 2126800693?
6
What is the hundreds digit of 206718036?
0
What is the units digit of 247614368?
8
What is the hundred millions digit of 112884113?
1
What is the tens digit of 9898707?
0
What is the hundreds digit of 23191299?
2
What is the tens digit of 151692942?
4
What is the units digit of 1068892751?
1
What is the hundred millions digit of 1533753100?
5
What is the hundreds digit of 1008430944?
9
What is the ten millions digit of 3560881811?
6
What is the thousands digit of 433297376?
7
What is the thousands digit of 79445697?
5
What is the millions digit of 4505872505?
5
What is the tens digit of 1767386936?
3
What is the units digit of 283744038?
8
What is the hundred millions digit of 526853418?
5
What is the thousands digit of 621184877?
4
What is the hundred thousands digit of 585432687?
4
What is the millions digit of 1641470159?
1
What is the hundreds digit of 42402745?
7
What is the ten millions digit of 1672014221?
7
What is the ten millions digit of 146544981?
4
What is the units digit of 464949560?
0
What is the ten thousands digit of 738426536?
2
What is the tens digit of 914135784?
8
What is the millions digit of 216045885?
6
What is the hundred millions digit of 102757990?
1
What is the ten millions digit of 161894333?
6
What is the hundreds digit of 9370162?
1
What is the tens digit of 667854492?
9
What is the millions digit of 108940028?
8
What is the hundreds digit of 30427279?
2
What is the millions digit of 429964276?
9
What is the hundred thousands digit of 826415609?
4
What is the tens digit of 1672791522?
2
What is the tens digit of 92343325?
2
What is the ten millions digit of 95832937?
9
What is the thousands digit of 2887711909?
1
What is the ten millions digit of 223509564?
2
What is the millions digit of 40068835?
0
What is the millions digit of 56124684?
6
What is the hundreds digit of 1553305942?
9
What is the tens digit of 20226456?
5
What is the tens digit of 28912513?
1
What is the millions digit of 91668192?
1
What is the ten thousands digit of 308189628?
8
What is the millions digit of 281030568?
1
What is the tens digit of 132833835?
3
What is the thousands digit of 100992219?
2
What is the hundred thousands digit of 94210833?
2
What is the hundreds digit of 1345476763?
7
What is the ten millions digit of 95831205?
9
What is the hundreds digit of 323764280?
2
What is the millions digit of 63318207?
3
What is the hundred thousands digit of 108292091?
2
What is the units digit of 1210938747?
7
What is the millions digit of 2916224795?
6
What is the hundred thousands digit of 6118605?
1
What is the hundred thousands digit of 337499368?
4
What is the ten millions digit of 3471480884?
7
What is the ten millions digit of 80163768?
8
What is the tens digit of 429426168?
6
What is the hundred thousands digit of 375896720?
8
What is the units digit of 106534963?
3
What is the tens digit of 38912924?
2
What is the thousands digit of 297656097?
6
What is the hundred millions digit of 4578625504?
5
What is the units digit of 17290897?
7
What is the hundred thousands digit of 723755474?
7
What is the hundreds digit of 25656954?
9
What is the millions digit of 2348686828?
8
What is the hundred millions digit of 1380431789?
3
What is the millions digit of 282301158?
2
What is the thousands digit of 62297434?
7
What is the millions digit of 147243054?
7
What is the hundred thousands digit of 79385213?
3
What is the hundred thousands digit of 1845116765?
1
What is the hundred thousands digit of 231236553?
2
What is the ten thousands digit of 3766847195?
4
What is the ten millions digit of 50882860?
5
What is the billions digit of 1245484421?
1
What is the ten thousands digit of 247749387?
4
What is the hundred thousands digit of 25722602?
7
What is the units digit of 132542539?
9
What is the hundred thousands digit of 74794907?
7
What is the hundreds digit of 215890780?
7
What is the hundred thousands digit of 1604044496?
0
What is the ten millions digit of 22361511?
2
What is the units digit of 2542820102?
2
What is the ten thousands digit of 97909984?
0
What is the millions digit of 231686191?
1
What is the ten thousands digit of 7903089315?
8
What is the thousands digit of 139359727?
9
What is the ten thousands digit of 50642379?
4
What is the thousands digit of 349620287?
0
What is the hundreds digit of 41473847?
8
What is the ten thousands digit of 69207268?
0
What is the ten thousands digit of 90348489?
4
What is the units digit of 100289263?
3
What is the hundred thousands digit of 131876824?
8
What is the ten thousands digit of 1146007252?
0
What is the hundred millions digit of 1399458881?
3
What is the hundreds digit of 397936652?
6
What is the units digit of 58709253?
3
What is the hundred millions digit of 1267182071?
2
What is the millions digit of 9902408?
9
What is the thousands digit of 12313588?
3
What is the tens digit of 746227532?
3
What is the ten thousands digit of 609451095?
5
What is the hundreds digit of 35133861?
8
What is the hundred thousands digit of 16613274?
6
What is the units digit of 5480271382?
2
What is the hundreds digit of 1137530446?
4
What is the tens digit of 157458